{"id":66,"date":"2015-06-19T21:51:30","date_gmt":"2015-06-19T21:51:30","guid":{"rendered":"https:\/\/old.slolux.eu\/?page_id=66"},"modified":"2025-02-24T12:36:26","modified_gmt":"2025-02-24T11:36:26","slug":"boards","status":"publish","type":"page","link":"https:\/\/slolux.eu\/fr\/boards\/","title":{"rendered":"Conseils d&#039;administration et membres"},"content":{"rendered":"<p><strong>CARTES ACTUELLES<\/strong><\/p>\n<p>Conseil d&#039;administration* pour <strong>mandats 2025\/28<\/strong>:<\/p>\n<ul>\n<li><strong>Emil Kos, pr\u00e9sident<\/strong><\/li>\n<li><strong>Maja \u017du\u017eman Sporgitas, tr\u00e9sori\u00e8re<\/strong><\/li>\n<\/ul>\n<p><em>*NB : En janvier 2025, le recueil a \u00e9t\u00e9 modifi\u00e9 conform\u00e9ment \u00e0 la loi du 7 ao\u00fbt 2023. Le nombre d&#039;administrateurs a \u00e9t\u00e9 r\u00e9duit \u00e0 2 et le mandat a \u00e9t\u00e9 prolong\u00e9 \u00e0 3 ans.<\/em><\/p>\n<hr \/>\n<p><strong>CONSEILS DE MANDATS EXPIR\u00c9S<\/strong><\/p>\n<p><span style=\"text-decoration: underline;\">CONSEILS D&#039;ADMINISTRATION<\/span><\/p>\n<p>Conseil d&#039;administration pour le mandat 2022\/25 :<\/p>\n<ul>\n<li>Andrej Fister, pr\u00e9sident<\/li>\n<li>Marina Seli\u0161kar, tr\u00e9sori\u00e8re<\/li>\n<li>Maja \u017du\u017eman Sporgitas, vice-pr\u00e9sidente<\/li>\n<\/ul>\n<p>Conseil d&#039;administration pour le mandat 2020\/22\u00a0:<\/p>\n<ul>\n<li>Andrej Fister, pr\u00e9sident<\/li>\n<li>Marina Seli\u0161kar, tr\u00e9sori\u00e8re<\/li>\n<li>Maja \u017du\u017eman Sporgitas, vice-pr\u00e9sidente<\/li>\n<\/ul>\n<p>Conseil d&#039;administration pour le mandat 2018\/20\u00a0:<\/p>\n<ul>\n<li>Emil Kos, pr\u00e9sident<\/li>\n<li>Andrej Fister, tr\u00e9sorier<\/li>\n<li>Marina Seli\u0161kar, vice-pr\u00e9sidente<\/li>\n<\/ul>\n<p>Conseil d&#039;administration pour le mandat 2016\/18\u00a0:<\/p>\n<ul>\n<li>Emil Kos, pr\u00e9sident<\/li>\n<li>Andrej Fister, tr\u00e9sorier jusqu&#039;au 15 juin 2017 ; Marina Seli\u0161kar, tr\u00e9sori\u00e8re depuis le 16\/06\/2017<\/li>\n<li>Silvija Zagar, vice-pr\u00e9sidente<\/li>\n<\/ul>\n<p>Conseil d&#039;administration pour le mandat 2015\/16\u00a0:<\/p>\n<ul>\n<li>Emil Kos, pr\u00e9sident<\/li>\n<li>Andreja Kr\u010d Gr\u010dar, tr\u00e9sori\u00e8re<\/li>\n<li>Silvija Zagar, vice-pr\u00e9sidente<\/li>\n<\/ul>","protected":false},"excerpt":{"rendered":"<p>CONSEILS D&#039;ADMINISTRATION ACTUELS Conseil d&#039;administration* pour le mandat 2025\/28 : Emil Kos, pr\u00e9sident Maja \u017du\u017eman Sporgitas, tr\u00e9sori\u00e8re *NB : En janvier 2025, le recueil a \u00e9t\u00e9 modifi\u00e9 en [...]<\/p>","protected":false},"author":1,"featured_media":5528,"parent":0,"menu_order":0,"comment_status":"closed","ping_status":"open","template":"","meta":{"site-sidebar-layout":"default","site-content-layout":"","ast-site-content-layout":"","site-content-style":"default","site-sidebar-style":"default","ast-global-header-display":"","ast-banner-title-visibility":"","ast-main-header-display":"","ast-hfb-above-header-display":"","ast-hfb-below-header-display":"","ast-hfb-mobile-header-display":"","site-post-title":"","ast-breadcrumbs-content":"","ast-featured-img":"","footer-sml-layout":"","theme-transparent-header-meta":"","adv-header-id-meta":"","stick-header-meta":"","header-above-stick-meta":"","header-main-stick-meta":"","header-below-stick-meta":"","astra-migrate-meta-layouts":"default","ast-page-background-enabled":"default","ast-page-background-meta":{"desktop":{"background-color":"var(--ast-global-color-4)","background-image":"","background-repeat":"repeat","background-position":"center center","background-size":"auto","background-attachment":"scroll","background-type":"","background-media":"","overlay-type":"","overlay-color":"","overlay-opacity":"","overlay-gradient":""},"tablet":{"background-color":"","background-image":"","background-repeat":"repeat","background-position":"center center","background-size":"auto","background-attachment":"scroll","background-type":"","background-media":"","overlay-type":"","overlay-color":"","overlay-opacity":"","overlay-gradient":""},"mobile":{"background-color":"","background-image":"","background-repeat":"repeat","background-position":"center center","background-size":"auto","background-attachment":"scroll","background-type":"","background-media":"","overlay-type":"","overlay-color":"","overlay-opacity":"","overlay-gradient":""}},"ast-content-background-meta":{"desktop":{"background-color":"var(--ast-global-color-5)","background-image":"","background-repeat":"repeat","background-position":"center center","background-size":"auto","background-attachment":"scroll","background-type":"","background-media":"","overlay-type":"","overlay-color":"","overlay-opacity":"","overlay-gradient":""},"tablet":{"background-color":"var(--ast-global-color-5)","background-image":"","background-repeat":"repeat","background-position":"center center","background-size":"auto","background-attachment":"scroll","background-type":"","background-media":"","overlay-type":"","overlay-color":"","overlay-opacity":"","overlay-gradient":""},"mobile":{"background-color":"var(--ast-global-color-5)","background-image":"","background-repeat":"repeat","background-position":"center center","background-size":"auto","background-attachment":"scroll","background-type":"","background-media":"","overlay-type":"","overlay-color":"","overlay-opacity":"","overlay-gradient":""}},"footnotes":""},"class_list":["post-66","page","type-page","status-publish","has-post-thumbnail","hentry"],"yoast_head":"<!-- This site is optimized with the Yoast SEO plugin v24.5 - https:\/\/yoast.com\/wordpress\/plugins\/seo\/ -->\n<title>Upravni odbori in \u010dlani - Slolux<\/title>\n<meta name=\"robots\" content=\"index, follow, max-snippet:-1, max-image-preview:large, max-video-preview:-1\" \/>\n<link rel=\"canonical\" href=\"https:\/\/slolux.eu\/fr\/boards\/\" \/>\n<meta property=\"og:locale\" content=\"fr_FR\" \/>\n<meta property=\"og:type\" content=\"article\" \/>\n<meta property=\"og:title\" content=\"Upravni odbori in \u010dlani - Slolux\" \/>\n<meta property=\"og:description\" content=\"CURRENT BOARDS Management board* for mandate 2025\/28: Emil Kos, president Maja \u017du\u017eman Sporgitas, treasurer *NB: In January 2025, the compendium has been changed in [&hellip;]\" \/>\n<meta property=\"og:url\" content=\"https:\/\/slolux.eu\/fr\/boards\/\" \/>\n<meta property=\"og:site_name\" content=\"Slolux\" \/>\n<meta property=\"article:modified_time\" content=\"2025-02-24T11:36:26+00:00\" \/>\n<meta property=\"og:image\" content=\"https:\/\/slolux.eu\/wp-content\/uploads\/2024\/01\/street-2655614_1920-1-1.webp\" \/>\n\t<meta property=\"og:image:width\" content=\"1801\" \/>\n\t<meta property=\"og:image:height\" content=\"1200\" \/>\n\t<meta property=\"og:image:type\" content=\"image\/webp\" \/>\n<meta name=\"twitter:card\" content=\"summary_large_image\" \/>\n<meta name=\"twitter:label1\" content=\"Dur\u00e9e de lecture estim\u00e9e\" \/>\n\t<meta name=\"twitter:data1\" content=\"1 minute\" \/>\n<script type=\"application\/ld+json\" class=\"yoast-schema-graph\">{\"@context\":\"https:\/\/schema.org\",\"@graph\":[{\"@type\":\"WebPage\",\"@id\":\"https:\/\/slolux.eu\/boards\/\",\"url\":\"https:\/\/slolux.eu\/boards\/\",\"name\":\"Upravni odbori in \u010dlani - Slolux\",\"isPartOf\":{\"@id\":\"https:\/\/slolux.eu\/#website\"},\"primaryImageOfPage\":{\"@id\":\"https:\/\/slolux.eu\/boards\/#primaryimage\"},\"image\":{\"@id\":\"https:\/\/slolux.eu\/boards\/#primaryimage\"},\"thumbnailUrl\":\"https:\/\/slolux.eu\/wp-content\/uploads\/2024\/01\/street-2655614_1920-1-1.webp\",\"datePublished\":\"2015-06-19T21:51:30+00:00\",\"dateModified\":\"2025-02-24T11:36:26+00:00\",\"breadcrumb\":{\"@id\":\"https:\/\/slolux.eu\/boards\/#breadcrumb\"},\"inLanguage\":\"fr-FR\",\"potentialAction\":[{\"@type\":\"ReadAction\",\"target\":[\"https:\/\/slolux.eu\/boards\/\"]}]},{\"@type\":\"ImageObject\",\"inLanguage\":\"fr-FR\",\"@id\":\"https:\/\/slolux.eu\/boards\/#primaryimage\",\"url\":\"https:\/\/slolux.eu\/wp-content\/uploads\/2024\/01\/street-2655614_1920-1-1.webp\",\"contentUrl\":\"https:\/\/slolux.eu\/wp-content\/uploads\/2024\/01\/street-2655614_1920-1-1.webp\",\"width\":1801,\"height\":1200},{\"@type\":\"BreadcrumbList\",\"@id\":\"https:\/\/slolux.eu\/boards\/#breadcrumb\",\"itemListElement\":[{\"@type\":\"ListItem\",\"position\":1,\"name\":\"Home\",\"item\":\"https:\/\/slolux.eu\/\"},{\"@type\":\"ListItem\",\"position\":2,\"name\":\"Upravni odbori in \u010dlani\"}]},{\"@type\":\"WebSite\",\"@id\":\"https:\/\/slolux.eu\/#website\",\"url\":\"https:\/\/slolux.eu\/\",\"name\":\"Slovensko dru\u0161tvo v Luksemburgu\",\"description\":\"Slovensko dru\u0161tvo v Luksemburgu\",\"publisher\":{\"@id\":\"https:\/\/slolux.eu\/#organization\"},\"potentialAction\":[{\"@type\":\"SearchAction\",\"target\":{\"@type\":\"EntryPoint\",\"urlTemplate\":\"https:\/\/slolux.eu\/?s={search_term_string}\"},\"query-input\":{\"@type\":\"PropertyValueSpecification\",\"valueRequired\":true,\"valueName\":\"search_term_string\"}}],\"inLanguage\":\"fr-FR\"},{\"@type\":\"Organization\",\"@id\":\"https:\/\/slolux.eu\/#organization\",\"name\":\"Slovensko dru\u0161tvo v Luksemburgu\",\"url\":\"https:\/\/slolux.eu\/\",\"logo\":{\"@type\":\"ImageObject\",\"inLanguage\":\"fr-FR\",\"@id\":\"https:\/\/slolux.eu\/#\/schema\/logo\/image\/\",\"url\":\"https:\/\/slolux.eu\/wp-content\/uploads\/2023\/12\/barvnofinal.png\",\"contentUrl\":\"https:\/\/slolux.eu\/wp-content\/uploads\/2023\/12\/barvnofinal.png\",\"width\":2550,\"height\":938,\"caption\":\"Slovensko dru\u0161tvo v Luksemburgu\"},\"image\":{\"@id\":\"https:\/\/slolux.eu\/#\/schema\/logo\/image\/\"}}]}<\/script>\n<!-- \/ Yoast SEO plugin. -->","yoast_head_json":{"title":"Upravni odbori in \u010dlani - Slolux","robots":{"index":"index","follow":"follow","max-snippet":"max-snippet:-1","max-image-preview":"max-image-preview:large","max-video-preview":"max-video-preview:-1"},"canonical":"https:\/\/slolux.eu\/fr\/boards\/","og_locale":"fr_FR","og_type":"article","og_title":"Upravni odbori in \u010dlani - Slolux","og_description":"CURRENT BOARDS Management board* for mandate 2025\/28: Emil Kos, president Maja \u017du\u017eman Sporgitas, treasurer *NB: In January 2025, the compendium has been changed in [&hellip;]","og_url":"https:\/\/slolux.eu\/fr\/boards\/","og_site_name":"Slolux","article_modified_time":"2025-02-24T11:36:26+00:00","og_image":[{"width":1801,"height":1200,"url":"https:\/\/slolux.eu\/wp-content\/uploads\/2024\/01\/street-2655614_1920-1-1.webp","type":"image\/webp"}],"twitter_card":"summary_large_image","twitter_misc":{"Dur\u00e9e de lecture estim\u00e9e":"1 minute"},"schema":{"@context":"https:\/\/schema.org","@graph":[{"@type":"WebPage","@id":"https:\/\/slolux.eu\/boards\/","url":"https:\/\/slolux.eu\/boards\/","name":"Upravni odbori in \u010dlani - Slolux","isPartOf":{"@id":"https:\/\/slolux.eu\/#website"},"primaryImageOfPage":{"@id":"https:\/\/slolux.eu\/boards\/#primaryimage"},"image":{"@id":"https:\/\/slolux.eu\/boards\/#primaryimage"},"thumbnailUrl":"https:\/\/slolux.eu\/wp-content\/uploads\/2024\/01\/street-2655614_1920-1-1.webp","datePublished":"2015-06-19T21:51:30+00:00","dateModified":"2025-02-24T11:36:26+00:00","breadcrumb":{"@id":"https:\/\/slolux.eu\/boards\/#breadcrumb"},"inLanguage":"fr-FR","potentialAction":[{"@type":"ReadAction","target":["https:\/\/slolux.eu\/boards\/"]}]},{"@type":"ImageObject","inLanguage":"fr-FR","@id":"https:\/\/slolux.eu\/boards\/#primaryimage","url":"https:\/\/slolux.eu\/wp-content\/uploads\/2024\/01\/street-2655614_1920-1-1.webp","contentUrl":"https:\/\/slolux.eu\/wp-content\/uploads\/2024\/01\/street-2655614_1920-1-1.webp","width":1801,"height":1200},{"@type":"BreadcrumbList","@id":"https:\/\/slolux.eu\/boards\/#breadcrumb","itemListElement":[{"@type":"ListItem","position":1,"name":"Home","item":"https:\/\/slolux.eu\/"},{"@type":"ListItem","position":2,"name":"Upravni odbori in \u010dlani"}]},{"@type":"WebSite","@id":"https:\/\/slolux.eu\/#website","url":"https:\/\/slolux.eu\/","name":"Slovensko dru\u0161tvo v Luksemburgu","description":"Slovensko dru\u0161tvo v Luksemburgu","publisher":{"@id":"https:\/\/slolux.eu\/#organization"},"potentialAction":[{"@type":"SearchAction","target":{"@type":"EntryPoint","urlTemplate":"https:\/\/slolux.eu\/?s={search_term_string}"},"query-input":{"@type":"PropertyValueSpecification","valueRequired":true,"valueName":"search_term_string"}}],"inLanguage":"fr-FR"},{"@type":"Organization","@id":"https:\/\/slolux.eu\/#organization","name":"Slovensko dru\u0161tvo v Luksemburgu","url":"https:\/\/slolux.eu\/","logo":{"@type":"ImageObject","inLanguage":"fr-FR","@id":"https:\/\/slolux.eu\/#\/schema\/logo\/image\/","url":"https:\/\/slolux.eu\/wp-content\/uploads\/2023\/12\/barvnofinal.png","contentUrl":"https:\/\/slolux.eu\/wp-content\/uploads\/2023\/12\/barvnofinal.png","width":2550,"height":938,"caption":"Slovensko dru\u0161tvo v Luksemburgu"},"image":{"@id":"https:\/\/slolux.eu\/#\/schema\/logo\/image\/"}}]}},"_links":{"self":[{"href":"https:\/\/slolux.eu\/fr\/wp-json\/wp\/v2\/pages\/66","targetHints":{"allow":["GET"]}}],"collection":[{"href":"https:\/\/slolux.eu\/fr\/wp-json\/wp\/v2\/pages"}],"about":[{"href":"https:\/\/slolux.eu\/fr\/wp-json\/wp\/v2\/types\/page"}],"author":[{"embeddable":true,"href":"https:\/\/slolux.eu\/fr\/wp-json\/wp\/v2\/users\/1"}],"replies":[{"embeddable":true,"href":"https:\/\/slolux.eu\/fr\/wp-json\/wp\/v2\/comments?post=66"}],"version-history":[{"count":18,"href":"https:\/\/slolux.eu\/fr\/wp-json\/wp\/v2\/pages\/66\/revisions"}],"predecessor-version":[{"id":6716,"href":"https:\/\/slolux.eu\/fr\/wp-json\/wp\/v2\/pages\/66\/revisions\/6716"}],"wp:featuredmedia":[{"embeddable":true,"href":"https:\/\/slolux.eu\/fr\/wp-json\/wp\/v2\/media\/5528"}],"wp:attachment":[{"href":"https:\/\/slolux.eu\/fr\/wp-json\/wp\/v2\/media?parent=66"}],"curies":[{"name":"wp","href":"https:\/\/api.w.org\/{rel}","templated":true}]}}

<p><strong>CARTES ACTUELLES</strong></p>
<p>Conseil d&#039;administration* pour <strong>mandats 2025/28</strong>:</p>
<ul>
<li><strong>Emil Kos, président</strong></li>
<li><strong>Maja Žužman Sporgitas, trésorière</strong></li>
</ul>
<p><em>*NB : En janvier 2025, le recueil a été modifié conformément à la loi du 7 août 2023. Le nombre d&#039;administrateurs a été réduit à 2 et le mandat a été prolongé à 3 ans.</em></p>
<hr />
<p><strong>CONSEILS DE MANDATS EXPIRÉS</strong></p>
<p><span style="text-decoration: underline;">CONSEILS D&#039;ADMINISTRATION</span></p>
<p>Conseil d&#039;administration pour le mandat 2022/25 :</p>
<ul>
<li>Andrej Fister, président</li>
<li>Marina Seliškar, trésorière</li>
<li>Maja Žužman Sporgitas, vice-présidente</li>
</ul>
<p>Conseil d&#039;administration pour le mandat 2020/22 :</p>
<ul>
<li>Andrej Fister, président</li>
<li>Marina Seliškar, trésorière</li>
<li>Maja Žužman Sporgitas, vice-présidente</li>
</ul>
<p>Conseil d&#039;administration pour le mandat 2018/20 :</p>
<ul>
<li>Emil Kos, président</li>
<li>Andrej Fister, trésorier</li>
<li>Marina Seliškar, vice-présidente</li>
</ul>
<p>Conseil d&#039;administration pour le mandat 2016/18 :</p>
<ul>
<li>Emil Kos, président</li>
<li>Andrej Fister, trésorier jusqu&#039;au 15 juin 2017 ; Marina Seliškar, trésorière depuis le 16/06/2017</li>
<li>Silvija Zagar, vice-présidente</li>
</ul>
<p>Conseil d&#039;administration pour le mandat 2015/16 :</p>
<ul>
<li>Emil Kos, président</li>
<li>Andreja Krč Grčar, trésorière</li>
<li>Silvija Zagar, vice-présidente</li>
</ul>

<p>CONSEILS D&#039;ADMINISTRATION ACTUELS Conseil d&#039;administration* pour le mandat 2025/28 : Emil Kos, président Maja Žužman Sporgitas, trésorière *NB : En janvier 2025, le recueil a été modifié en [...]</p>

<!-- This site is optimized with the Yoast SEO plugin v24.5 - https://yoast.com/wordpress/plugins/seo/ -->
<title>Upravni odbori in člani - Slolux</title>
<meta name="robots" content="index, follow, max-snippet:-1, max-image-preview:large, max-video-preview:-1" />
<link rel="canonical" href="https://slolux.eu/fr/boards/" />
<meta property="og:locale" content="fr_FR" />
<meta property="og:type" content="article" />
<meta property="og:title" content="Upravni odbori in člani - Slolux" />
<meta property="og:description" content="CURRENT BOARDS Management board* for mandate 2025/28: Emil Kos, president Maja Žužman Sporgitas, treasurer *NB: In January 2025, the compendium has been changed in [&hellip;]" />
<meta property="og:url" content="https://slolux.eu/fr/boards/" />
<meta property="og:site_name" content="Slolux" />
<meta property="article:modified_time" content="2025-02-24T11:36:26+00:00" />
<meta property="og:image" content="https://slolux.eu/wp-content/uploads/2024/01/street-2655614_1920-1-1.webp" />
	<meta property="og:image:width" content="1801" />
	<meta property="og:image:height" content="1200" />
	<meta property="og:image:type" content="image/webp" />
<meta name="twitter:card" content="summary_large_image" />
<meta name="twitter:label1" content="Durée de lecture estimée" />
	<meta name="twitter:data1" content="1 minute" />
<script type="application/ld+json" class="yoast-schema-graph">{"@context":"https://schema.org","@graph":[{"@type":"WebPage","@id":"https://slolux.eu/boards/","url":"https://slolux.eu/boards/","name":"Upravni odbori in člani - Slolux","isPartOf":{"@id":"https://slolux.eu/#website"},"primaryImageOfPage":{"@id":"https://slolux.eu/boards/#primaryimage"},"image":{"@id":"https://slolux.eu/boards/#primaryimage"},"thumbnailUrl":"https://slolux.eu/wp-content/uploads/2024/01/street-2655614_1920-1-1.webp","datePublished":"2015-06-19T21:51:30+00:00","dateModified":"2025-02-24T11:36:26+00:00","breadcrumb":{"@id":"https://slolux.eu/boards/#breadcrumb"},"inLanguage":"fr-FR","potentialAction":[{"@type":"ReadAction","target":["https://slolux.eu/boards/"]}]},{"@type":"ImageObject","inLanguage":"fr-FR","@id":"https://slolux.eu/boards/#primaryimage","url":"https://slolux.eu/wp-content/uploads/2024/01/street-2655614_1920-1-1.webp","contentUrl":"https://slolux.eu/wp-content/uploads/2024/01/street-2655614_1920-1-1.webp","width":1801,"height":1200},{"@type":"BreadcrumbList","@id":"https://slolux.eu/boards/#breadcrumb","itemListElement":[{"@type":"ListItem","position":1,"name":"Home","item":"https://slolux.eu/"},{"@type":"ListItem","position":2,"name":"Upravni odbori in člani"}]},{"@type":"WebSite","@id":"https://slolux.eu/#website","url":"https://slolux.eu/","name":"Slovensko društvo v Luksemburgu","description":"Slovensko društvo v Luksemburgu","publisher":{"@id":"https://slolux.eu/#organization"},"potentialAction":[{"@type":"SearchAction","target":{"@type":"EntryPoint","urlTemplate":"https://slolux.eu/?s={search_term_string}"},"query-input":{"@type":"PropertyValueSpecification","valueRequired":true,"valueName":"search_term_string"}}],"inLanguage":"fr-FR"},{"@type":"Organization","@id":"https://slolux.eu/#organization","name":"Slovensko društvo v Luksemburgu","url":"https://slolux.eu/","logo":{"@type":"ImageObject","inLanguage":"fr-FR","@id":"https://slolux.eu/#/schema/logo/image/","url":"https://slolux.eu/wp-content/uploads/2023/12/barvnofinal.png","contentUrl":"https://slolux.eu/wp-content/uploads/2023/12/barvnofinal.png","width":2550,"height":938,"caption":"Slovensko društvo v Luksemburgu"},"image":{"@id":"https://slolux.eu/#/schema/logo/image/"}}]}</script>
<!-- / Yoast SEO plugin. -->

Upravni odbori in člani - Slolux

CURRENT BOARDS Management board* for mandate 2025/28: Emil Kos, president Maja Žužman Sporgitas, treasurer *NB: In January 2025, the compendium has been changed in [&hellip;]

Upravni odbori in člani

Slovensko društvo v Luksemburgu
